is the remainder when c is divided by 18?
12
Suppose 4*i - 2*i + 5*r - 37 = 0, -5*i - r + 104 = 0. Suppose -8*m - 9*m + 9*m = -8. Calculate the remainder when i is divided by m.
0
Suppose 2*d - 150 = 4. Let k = -42 + d. Suppose -z - z - 3*x = -262, -4*z + 528 = 5*x. Calculate the remainder when z is divided by k.
32
Let s(j) = j**2 + 11*j - 42. Let v be s(-14). Suppose -a + 2 = v, 4*n - 2*a + 6*a - 180 = 0. What is the remainder when n is divided by 15?
13
Suppose 3*z = z + 94. Let i = 0 + 0. Suppose -5*j = 4*v - z, j - 2*v - 1 + i = 0. Calculate the remainder when j is divided by 3.
1
Calculate the remainder when 158 is divided by (-35)/28 - 2324/(-16).
14
Let h(j) = -5*j**2 - 86*j - 1. Suppose 6*k = 4*l + k - 515, -4*l + 503 = -k. What is the remainder when l is divided by h(-17)?
13
Suppose 0 = -q + 36 + 28. Let s(m) = 6*m**2 + 6*m**3 + 1 - 5*m**3 + m - 7*m - 4*m. Calculate the remainder when q is divided by s(-7).
20
Suppose 0 = t + 3*f - 254, -50*f + 47*f + 732 = 3*t. What is the remainder when t is divided by 35?
29
Let t be (13/26)/(0 - (-3)/870). Let p = -87 + t. Calculate the remainder when p is divided by 9.
4
Let t(n) = n**2 + 8*n + 170. What is the remainder when t(-18) is divided by 16?
14
Let c be (14/21)/((-1)/33). What is the remainder when (33/c)/((-6)/52) is divided by 9?
4
Let j(o) = o + 14. Let g be j(-8). Suppose 0 = g*t - 29 - 25. Calculate the remainder when ((-3)/(-12))/((-3)/(-372)) is divided by t.
4
Let y(z) = -z**2 + 21*z - 17. Let w be y(11). Let m = w - 44. Calculate the remainder when m is divided by 10.
9
Let r = -5 + -4. Let s be ((-7)/2)/(r/18). Let f = s - -7. Calculate the remainder when 27 is divided by f.
13
Let x(r) = -9*r + 23. Calculate the remainder when x(-8) is divided by 32.
31
Suppose -5*m - p + 6 = 0, 0*m + 2*p + 2 = 4*m. Calculate the remainder when 24 is divided by m.
0
Suppose -2*h - q + 21 = 0, -8*q + 55 = 5*h - 6*q. Suppose 24 + 226 = 5*j. Calculate the remainder when j is divided by h.
11
Let g = 150 - 94. Suppose 221 = 5*i + g. What is the remainder when i is divided by 17?
16
Suppose c + 7*r - 2*r + 10 = 0, c - 2 = -r. What is the remainder when (2 - 8)*(0 - 2) is divided by c?
2
Let u(j) = -8*j - 279. What is the remainder when u(-39) is divided by 13/2 + (-3)/(-6)?
5
Suppose -2*y - 48 = -w - 19, -15 = 3*y. Suppose 5*t + g - 34 = 0, g - 2*g = -4*t + 29. Calculate the remainder when w is divided by t.
5
Let c(l) = l**3 + 2*l**2 + 29. Calculate the remainder when 258 is divided by c(0).
26
Let u(a) = 2*a**3 + 15*a**2 - 31*a - 19. What is the remainder when 82 is divided by u(-9)?
14
Let o be 1/(-4) - (-794)/8. Let k = o + -69. Let s(i) = -46*i - 127. What is the remainder when k is divided by s(-3)?
8
Let o be 7/((-21)/(-30)) + -4. Suppose o*j = 12*j - 132. Calculate the remainder when j is divided by 12.
10
Let z(x) = x - 1 - x**3 - x**3 - 4*x**2 + 4*x. What is the remainder when 126 is divided by z(-4)?
40
Suppose 0 = -29*x - 13*x + 1218. Let t(m) = -15*m - 5. Calculate the remainder when t(-4) is divided by x.
26
Let q = 4036 - 3971. Let l = -35 + 52. Calculate the remainder when q is divided by l.
14
Suppose -21*m + 540 = -6. What is the remainder when m is divided by 6?
2
Suppose -h = -q - 2*q - 53, -32 = 2*q + h. Let b(d) = -d**2 - 18*d + 24. Let g be b(q). Let p = g - 34. Calculate the remainder when p is divided by 4.
3
Suppose -6*k = 6*k - 204. What is the remainder when 64 is divided by k?
13
Suppose 4*z - 11 - 31 = -3*r, 5*r - 70 = 2*z. Suppose -r*d + 12*d = -56. What is the remainder when 223 is divided by d?
27
Let b = -331 + 383. What is the remainder when b is divided by 11?
8
Suppose -50*h + 68*h - 792 = 0. Calculate the remainder when h is divided by 34.
10
Suppose w = -7*w + 368. Suppose -s + 23 = -4*r, -3*r - w = -2*s - 0*r. What is the remainder when s is divided by 8?
7
Suppose 35*o - 6232 = -3*o. What is the remainder when o is divided by 58?
48
Let x(q) = q**3 - 15*q**2 - 16*q - 1. Let o be x(16). Let z = 14 - o. Calculate the remainder when 74 is divided by z.
14
Let c be -52*(-7)/((-140)/(-15)). Let p = 48 - c. Let d = -15 + 32. What is the remainder when d is divided by p?
8
Suppose -r + 30 = 4*r. What is the remainder when 93 is divided by r?
3
Suppose 2*z = -2*f + 5*f - 204, f = 5*z + 523. Let b = 124 + z. Calculate the remainder when 56 is divided by b.
18
Let t = -13 + 17. Suppose z + t*n - 41 = 0, -2*z - 4*n = -96 + 22. Suppose -r + z = 2*r. What is the remainder when 42 is divided by r?
9
Suppose -j = -56 - 54. Suppose -u - b + 3*b - 60 = 0, -b - j = 2*u. Let t = -33 - u. Calculate the remainder when 44 is divided by t.
21
Suppose 4*h - 8 = 8, -2*f - h = -98. Suppose -d - 3*r = -6*r + 11, d - 19 = -3*r. Suppose d*s - 57 = 43. Calculate the remainder when f is divided by s.
22
Suppose c = 1 - 12. Suppose -2*n - 2*w + 6*w - 38 = 0, -3*n - 2*w = 41. Let q = c - n. What is the remainder when q is divided by 2?
0
Let x be (16/(-20))/((-2)/(-95)). Let w be 4/(-14) + x/14. Let o(z) = -10*z - 2. Calculate the remainder when o(w) is divided by 15.
13
Let s(a) = 63*a**3 - 3*a**2 + 9*a + 2. Let b(i) = 31*i**3 - i**2 + 4*i + 1. Let d(c) = -7*b(c) + 3*s(c). Calculate the remainder when d(-2) is divided by 44.
41
Let w = 199 + -187. Let z = 0 - 0. Suppose b + 2*b - 69 = z. What is the remainder when b is divided by w?
11
Let g(w) = w**2 - 33*w + 100. What is the remainder when 12 is divided by g(30)?
2
Suppose 3*v - 5*n + 16 = 0, 0*v + 5*n - 28 = -v. Suppose -2*y + v = -53. What is the remainder when 53 is divided by y?
25
What is the remainder when (-13)/3*(-27)/9 is divided by (-1)/(-2)*(-152)/(-19)?
1
Suppose -3*o = -2*o - 12. Suppose -41*v = -37*v - o. Suppose 4*g = 1 + 3. Calculate the remainder when v is divided by g.
0
Let m be 64 - 1*(-1)/(0 - -1). Let k = m + -38. What is the remainder when 79 is divided by k?
25
Suppose 92 = -0*z + 2*z - 2*b, 4*z - 184 = -4*b. Suppose 0 = 41*g - 36*g. Calculate the remainder when z is divided by (g + -3)/(18/(-96)).
14
Suppose -37 = 5*h + 63. Let i be 2/(-2*4/h). Let m = -3 + i. Calculate the remainder when m is divided by 2.
0
Calculate the remainder when 53 is divided by (-100)/(-36) + -3 + 332/36.
8
Let t(p) = -3*p**3 - 3*p**2 + p + 2. Let n = -308 + 366. What is the remainder when n is divided by t(-2)?
10
Suppose 2*v = d + 4*d - 203, -2*v - 8 = 0. Suppose 41 = -16*w + 169. Calculate the remainder when d is divided by w.
7
Suppose 109*r - 106*r - 120 = 0. What is the remainder when 157 is divided by r?
37
Suppose -58*h = -62*h + 480. Calculate the remainder when h is divided by 62.
58
Suppose 342*g = -10*g - 11*g + 13068. Calculate the remainder when -2 + 65 + (-1)/(-1) is divided by g.
28
Suppose 2*k = 2*j + 4*k - 822, 852 = 2*j - 4*k. Suppose -7*t - j = -20*t. Suppose f = 3*f - 34. What is the remainder when t is divided by f?
15
What is the remainder when 49 is divided by -9*((2 - 2)/7 - 1)?
4
Let p(q) = -10 + q**2 - 3*q**2 - 3*q**2 + 4*q + 6*q**2. Let h be p(-6). Suppose 10 = t - h. Calculate the remainder when 46 is divided by t.
10
Suppose 28*t - 3096 = 4296. Calculate the remainder when t is divided by 68.
60
Let a be (28/2)/(-2) - 2. Let r(g) = -g**3 - 9*g**2 + 6. What is the remainder when 17 is divided by r(a)?
5
Let a(v) = v**2 + 5*v - 1. Let p be a(-5). Calculate the remainder when 43 is divided by (p - 22/3)*(-6)/5.
3
Suppose 0 = -14*u + 16*u + 88. Let h = 58 + u. Calculate the remainder when 52 is divided by h.
10
Suppose -4*v = -5*v - 2, -610 = -5*r - 5*v. Suppose 3*a - 5*m - 49 = -0*a, m + 5 = 0. Calculate the remainder when (1 - 0)/(4/r) is divided by a.
7
Let y(l) = 13*l - 258. Calculate the remainder when 89 is divided by y(21).
14
Let c(g) be the first derivative of -9*g**2 - 7*g + 1. Calculate the remainder when c(-5) is divided by 21.
20
Suppose -10*n + 3774 = -3*n + 27*n. Suppose -5*h + 23 = 2*y, 2*h = -0*y - y + 13. Calculate the remainder when n is divided by y.
16
What is the remainder when 471/7 - (400/(-70) + 6) is divided by 55?
12
Suppose 5*w - 134 = 5*q + 6, -4*w + 3*q = -108. Let d = 4 + -8. Let h(r) = -r**3 + 2*r**2 + r + 3. Calculate the remainder when h(d) is divided by w.
23
Let h be (-4)/26 - 5832/117. Let n = -29 - h. What is the remainder when 61 is divided by n?
19
Suppose 35 - 609